147030 a multiple of 6?
True
Does 120 divide 296948?
False
Is 6551436 a multiple of 61?
False
Is 374247 a multiple of 9?
True
Is 204135 a multiple of 135?
False
Does 6 divide 1876943?
False
Is 240 a factor of 110318?
False
Is 251 a factor of 301200?
True
Is 268940 a multiple of 1599?
False
Does 948 divide 1120625?
False
Is 3 a factor of 11479?
False
Is 9 a factor of 764612?
False
Is 105387 a multiple of 129?
False
Does 176 divide 825264?
True
Is 2 a factor of 770577?
False
Is 168472 a multiple of 8?
True
Is 6327801 a multiple of 594?
False
Is 6 a factor of 342894?
True
Is 71626 a multiple of 23?
False
Does 28 divide 51240?
True
Is 9 a factor of 94379?
False
Does 106 divide 206117?
False
Does 1003 divide 6931125?
False
Is 768320 a multiple of 98?
True
Is 5428 a multiple of 59?
True
Is 99990 a multiple of 99?
True
Does 19 divide 121448?
True
Is 964305 a multiple of 27?
True
Does 18 divide 170086?
False
Is 50482 a multiple of 140?
False
Is 153 a factor of 1142564?
False
Is 12 a factor of 386883?
False
Is 43 a factor of 480647?
False
Is 603118 a multiple of 428?
False
Does 2 divide 20876?
True
Does 136 divide 10813305?
False
Is 232985 a multiple of 5?
True
Is 9 a factor of 1173229?
False
Does 851 divide 3697850?
False
Is 19 a factor of 2355382?
False
Is 8 a factor of 4065064?
True
Is 20 a factor of 119524?
False
Does 428 divide 3959428?
True
Is 81182 a multiple of 155?
False
Is 345560 a multiple of 8?
True
Is 108537 a multiple of 8?
False
Does 264 divide 256608?
True
Is 84051 a multiple of 106?
False
Is 5 a factor of 287980?
True
Is 1033 a factor of 117144?
False
Is 418 a factor of 96976?
True
Is 547077 a multiple of 3?
True
Does 959 divide 889003?
False
Does 33 divide 241961?
False
Is 50052 a multiple of 291?
True
Does 176 divide 353369?
False
Does 22 divide 5858420?
False
Is 2736552 a multiple of 182?
True
Does 368 divide 63993?
False
Is 400519 a multiple of 31?
False
Is 6 a factor of 53055?
False
Is 5 a factor of 313017?
False
Is 28611 a multiple of 11?
True
Is 86008 a multiple of 12?
False
Does 12 divide 246563?
False
Does 80 divide 167920?
True
Is 9223519 a multiple of 123?
False
Does 71 divide 121113?
False
Is 90690 a multiple of 11?
False
Does 192 divide 951936?
True
Does 161 divide 513751?
True
Does 2 divide 319288?
True
Is 478654 a multiple of 295?
False
Is 2596384 a multiple of 536?
True
Does 17 divide 150127?
True
Is 190445 a multiple of 8?
False
Does 285 divide 150480?
True
Is 26 a factor of 176476?
False
Does 14 divide 521920?
True
Is 3 a factor of 891677?
False
Does 24 divide 258090?
False
Does 3 divide 39500?
False
Is 436 a factor of 26219?
False
Does 7 divide 2142?
True
Does 13 divide 746048?
False
Is 1087101 a multiple of 24?
False
Does 183 divide 947025?
True
Does 473 divide 6062156?
False
Is 2 a factor of 247394?
True
Is 1366008 a multiple of 84?
True
Does 50 divide 54450?
True
Does 48 divide 2723904?
True
Does 292 divide 470911?
False
Is 304 a factor of 363888?
True
Does 52 divide 29548?
False
Is 212 a factor of 6072714?
False
Is 10 a factor of 193860?
True
Is 779 a factor of 8519923?
True
Is 24579 a multiple of 262?
False
Is 296 a factor of 279940?
False
Is 10 a factor of 4098?
False
Is 566585 a multiple of 156?
False
Is 44043 a multiple of 37?
False
Is 11889 a multiple of 2?
False
Is 230 a factor of 10710146?
False
Is 112 a factor of 5197024?
True
Is 8 a factor of 81720?
True
Is 218 a factor of 532273?
False
Does 58 divide 894846?
False
Does 9 divide 42714?
True
Does 548 divide 261982?
False
Is 2168325 a multiple of 419?
True
Is 1491254 a multiple of 59?
False
Is 259917 a multiple of 56?
False
Does 52 divide 5812222?
False
Does 121 divide 5195982?
True
Is 15392970 a multiple of 30?
True
Is 9 a factor of 372069?
True
Is 133 a factor of 331854?
False
Is 1090 a multiple of 109?
True
Is 200 a factor of 446600?
True
Is 1391775 a multiple of 75?
True
Is 903 a factor of 4126113?
False
Is 30 a factor of 4524931?
False
Is 292 a factor of 70553?
False
Does 141 divide 188160?
False
Is 32 a factor of 1777728?
True
Is 39 a factor of 1556201?
False
Is 153 a factor of 135099?
True
Does 13 divide 1686155?
False
Is 6241690 a multiple of 65?
True
Is 616395 a multiple of 377?
True
Does 635 divide 637540?
True
Is 23587914 a multiple of 349?
False
Does 15 divide 1042928?
False
Is 37536 a multiple of 83?
False
Is 83938 a multiple of 48?
False
Does 3 divide 4326?
True
Is 244 a factor of 782155?
False
Is 198 a factor of 1896887?
False
Is 228228 a multiple of 33?
True
Is 8 a factor of 782032?
True
Is 3 a factor of 175520?
False
Is 10 a factor of 235068?
False
Is 68225 a multiple of 4?
False
Is 82 a factor of 3892458?
True
Does 74 divide 399230?
True
Is 138 a factor of 5991217?
False
Does 7 divide 159218?
False
Does 8 divide 453578?
False
Is 995 a factor of 2029800?
True
Is 21 a factor of 1089201?
False
Does 12 divide 2233668?
True
Is 18 a factor of 43896?
False
Is 86 a factor of 1967?
False
Does 78 divide 227092?
False
Is 5 a factor of 897000?
True
Is 4297950 a multiple of 688?
False
Does 22 divide 399454?
True
Is 80 a factor of 11013?
False
Does 20 divide 12669800?
True
Is 421 a factor of 3059828?
True
Does 19 divide 274645?
True
Is 11870129 a multiple of 151?
False
Is 16 a factor of 795632?
True
Is 7281098 a multiple of 790?
False
Does 157 divide 273808?
True
Is 82 a factor of 480274?
True
Is 1500444 a multiple of 4?
True
Is 305172 a multiple of 126?
True
Does 11 divide 223816?
False
Does 377 divide 150933?
False
Is 147136 a multiple of 37?
False
Is 4563840 a multiple of 640?
True
Is 7228288 a multiple of 47?
False
Is 82864 a multiple of 6?
False
Is 13535678 a multiple of 1069?
True
Is 1019 a factor of 1352061?
False
Is 708 a factor of 10579644?
True
Does 14 divide 11155?
False
Is 36 a factor of 19703823?
False
Is 89 a factor of 1299311?
True
Is 4192804 a multiple of 154?
True
Is 4341 a multiple of 4?
False
Does 29 divide 3209769?
False
Does 20 divide 541660?
True
Does 49 divide 275135?
True
Is 776068 a multiple of 26?
False
Is 148 a factor of 1336859?
False
Is 10 a factor of 10850?
True
Is 89 a factor of 129706?
False
Is 31 a factor of 963051?
False
Is 399519 a multiple of 111?
False
Is 27 a factor of 4013669?
False
Does 87 divide 1208082?
True
Is 119589 a multiple of 25?
False
Does 129 divide 1418459?
False
Is 381953 a multiple of 292?
False
Is 1804882 a multiple of 44?
False
Is 1034940 a multiple of 194?
False
Is 157255 a multiple of 5?
True
Is 119866 a multiple of 146?
True
Is 4 a factor of 272394?
False
Is 3005806 a multiple of 74?
True
Is 599845 a multiple of 85?
True
Does 11 divide 170786?
True
Does 147 divide 4496891?
False
Does 528 divide 180865?
False
Is 9534393 a multiple of 11?
True
Is 10529478 a multiple of 9?
True
Is 14888061 a multiple of 80?
False
Is 3939036 a multiple of 17?
True
Is 454 a factor of 740840?
False
Is 141 a factor of 90522?
True
Is 44 a factor of 4870298?
False
Does 3 divide 10087?
False
Is 128612 a multiple of 27?
False
Is 43 a factor of 41194?
True
Is 24 a factor of 387912?
True
Is 2 a factor of 40145?
False
Is 310012 a multiple of 201?
False
Does 172 divide 32988?
False
Does 268 divide 104233?
False
Is 3753706 a multiple of 194?
True
Is 248 a factor of 222952?
True
Is 132 a factor of 92626?
False
Is 236550 a multiple of 38?
True
Is 3173100 a multiple of 20?
True
Is 188372 a multiple of 69?
False
Is 218 a factor of 5963213?
False
Does 7 divide 3182179?
True
Does 158 divide 282978?
True
Is 517520 a multiple of 35?
False
Is 7 a factor of 7660?
False
Is 20797 a multiple of 4?
False
Is 239333 a multiple of 10?
False
Is 25 a factor of 41100?
True
Is 43507 a multiple of 5?
False
Is 300 a factor of 1161832?
False
Does 7 divide 17591?
True
Does 148 divide 586095?
False
Is 10135 a multiple of 13?
False
Is 2 a factor of 48073?
False
Is 2199532 a multiple of 25?
False
Does 89 divide 445178?
True
Is 99120 a multiple of 295?
True
Does 24 divide 2331648?
True
Is 5271694 a multiple of 67?
True
Does 46 divide 28152?
True
Does 8 divide 107248?
True
Is 130 a factor of 2275090?
False
Is 89639 a multiple of 11?
True
Is 3034260 a multiple of 133?
False
Does 90 divide 161558?
False
Is 12 a factor of 2430696?
True
Does 52 divide 102388?
True
Is 1565348 a multiple of 144?
False
Is 753662 a multiple of 182?
True
Is 5719131 a multiple o